17*z**2 - 57*z - 558. What is s(-17)?
411
Let n(i) = -2*i**3 + 257*i**2 - 147*i + 2446. Give n(128).
14
Let r(h) = -h**3 - 86*h**2 + 743*h + 78. What is r(8)?
6
Let h(g) = -8207*g + 410359. Determine h(50).
9
Let t(v) = -272423*v - 544823. What is t(-2)?
23
Let i(p) = 2*p**2 + 31530*p + 63048. What is i(-2)?
-4
Let k(q) = -q**3 - 16*q**2 - 263*q + 2381. What is k(6)?
11
Let n(y) = -y**3 + 3*y**2 + 22792*y + 159059. Determine n(-7).
5
Let i(l) = -l**3 - 5*l**2 + 73*l - 184. Determine i(5).
-69
Let h(b) = -42*b**2 + 381*b + 1986. Determine h(-5).
-969
Let v(j) = 17702*j + 690384. Give v(-39).
6
Let r(o) = -172*o**2 - 5863*o - 31. Calculate r(-34).
479
Let h(l) = -15755*l + 173310. Calculate h(11).
5
Let a(g) = -1422*g**2 - 110913*g + 245. What is a(-78)?
11
Let p(h) = h**3 - 2*h**2 - 12*h - 70. What is p(0)?
-70
Let l(y) = y**3 - 11*y**2 + 18442*y - 202854. Give l(11).
8
Let g(m) = 3*m**3 + 63*m**2 - 38*m - 662. Give g(-21).
136
Let s(r) = 189503*r + 1705512. Determine s(-9).
-15
Let a(r) = -37700*r - 980073. What is a(-26)?
127
Let k(s) = 59*s**2 + 898*s + 139. Give k(-15).
-56
Let l(n) = -4*n**3 + 47*n**2 + 688*n - 8107. Give l(13).
-8
Let b(u) = -u**3 + 14*u**2 + 194*u - 2117. Calculate b(18).
79
Let o(z) = 2*z**3 + 319*z**2 + 9872*z + 174. Calculate o(-42).
90
Let x(u) = -167140*u - 1838658. Calculate x(-11).
-118
Let x(r) = 8*r**3 + 66*r**2 - 196*r + 3. Calculate x(3).
225
Let d(m) = -940*m + 2264. Give d(3).
-556
Let h(o) = -173650*o - 1041635. What is h(-6)?
265
Let q(i) = 4*i**3 + 32*i**2 + 30*i - 78. Determine q(-6).
30
Let p(b) = -b**3 - 118*b**2 + 6515*b + 831205. Calculate p(-99).
1
Let t(g) = -2*g**2 - 3264*g - 54853. Determine t(-17).
57
Let v(g) = g**3 - 4*g**2 - 525*g + 104. Calculate v(-21).
104
Let x(w) = -49049*w - 441397. What is x(-9)?
44
Let u(a) = -14251*a - 441777. Calculate u(-31).
4
Let h(c) = -259022*c - 148160578. Calculate h(-572).
6
Let t(i) = 3679889*i + 25759221. What is t(-7)?
-2
Let s(d) = -2*d**3 + 42*d**2 + 14*d + 207. Determine s(22).
-453
Let a(q) = -3*q**3 - 630*q**2 + 1206*q - 13993. What is a(-212)?
-1
Let g(l) = 126*l**3 - 1385*l**2 - 407*l + 4413. Give g(11).
57
Let j(o) = o**2 + 357*o - 4058. Determine j(11).
-10
Let c(j) = j**3 - 127*j**2 - 1354*j - 1599. Determine c(137).
593
Let g(q) = q**2 - 1938*q + 9678. What is g(5)?
13
Let f(l) = -39038*l + 1639585. Determine f(42).
-11
Let j(s) = s**2 + 931*s - 18627. Determine j(20).
393
Let c(k) = 410627*k - 5748778. Determine c(14).
0
Let w(j) = -j**2 - 2539*j + 550772. Determine w(201).
32
Let k(j) = 7135*j - 99879. Calculate k(14).
11
Let c(d) = -32187*d - 2703709. What is c(-84)?
-1
Let u(m) = 2*m**3 + 124*m**2 - 169*m - 617. Give u(-64).
-6185
Let m(p) = 219*p - 82. Give m(2).
356
Let q(p) = -117*p**3 + 4*p**2 + 2*p - 4. What is q(2)?
-920
Let u(v) = -2*v**3 + 345*v**2 + 181*v - 4917. Calculate u(173).
-3533
Let c(z) = -4*z**3 - 730*z**2 - 374*z + 1560. Determine c(-182).
3380
Let c(n) = -n**2 - 356*n - 8050. What is c(-28)?
1134
Let w(p) = -1658*p + 6671. What is w(4)?
39
Let o(v) = 7*v**2 + 2262*v + 157199. Determine o(-222).
23
Let j(m) = 4*m**2 + 176*m - 5421. Give j(28).
2643
Let f(z) = 16*z**2 - 8345*z - 3042. Give f(522).
612
Let v(x) = 47*x**3 + 610*x**2 - 442*x - 5575. Give v(-13).
2
Let y(k) = 21*k**2 + 689*k + 192. What is y(-32)?
-352
Let d(z) = -4*z**2 + 20031*z - 120002. Give d(6).
40
Let p(y) = 255*y + 105. What is p(0)?
105
Let t(f) = -2*f**3 - 31*f**2 + 140*f + 904. What is t(-18)?
4
Let u(s) = -6*s**3 + 55*s**2 - 121*s + 56. Give u(6).
14
Let n(f) = -18*f**2 - 8070*f - 10741. Calculate n(-447).
-13
Let v(g) = -132*g**2 - 65599*g + 2479. What is v(-497)?
-6
Let v(c) = -11198*c - 156770. Calculate v(-14).
2
Let a(d) = -7*d**2 - 1039*d + 1201. Calculate a(-151).
-1517
Let y(d) = 3*d**2 + 8356*d - 321860. Determine y(38).
0
Let a(f) = -2*f**3 - 48*f**2 - 327*f + 1. Calculate a(-7).
624
Let t(k) = k**3 + 4*k**2 + 152*k - 1649. What is t(11)?
1838
Let x(z) = -6*z**3 + 212*z**2 - 850*z + 6739. What is x(32)?
19
Let r(a) = -47*a**2 + 558*a + 2210. What is r(-4)?
-774
Let a(f) = 2*f**3 - 77*f**2 - 2113*f + 236. Calculate a(57).
8
Let v(s) = -73*s - 9722. Calculate v(-134).
60
Let r(n) = -4*n**3 - 1278*n**2 - 686*n - 16016. What is r(-319)?
-704
Let f(t) = 30*t**2 - 257*t + 140. Determine f(9).
257
Let c(o) = -o**3 - 68*o**2 + 792*o - 367. Determine c(10).
-247
Let o(k) = 1909*k + 7568. Determine o(-4).
-68
Let s(j) = j**2 + 120*j - 20325. Give s(-213).
-516
Let w(d) = 2328*d + 9342. Calculate w(-4).
30
Let y(x) = -x**3 + 21*x**2 + 63*x - 1306. Determine y(21).
17
Let h(m) = 36*m**2 - 271*m + 177. What is h(7)?
44
Let r(y) = 16204*y + 243562. What is r(-15)?
502
Let n(z) = 1303*z - 9205. What is n(7)?
-84
Let d(j) = j**3 - 185*j**2 - 5*j + 1176. What is d(185)?
251
Let u(h) = 2*h**2 + 781*h - 184020. Give u(-556).
16
Let d(y) = 10*y**3 - 5*y**2 - 643*y + 1960. Determine d(3).
256
Let u(t) = t**3 - 172*t**2 + 2915*t - 156. Calculate u(19).
-4
Let f(u) = 642*u - 44351. Give f(69).
-53
Let a(r) = r**2 - 110*r + 1910. Calculate a(18).
254
Let z(u) = -u**3 + 14*u**2 + 8528*u - 152211. Calculate z(18).
-3
Let d(r) = 1119*r + 9409. Determine d(-9).
-662
Let r(u) = 711*u + 155509. Calculate r(-219).
-200
Let m(i) = 124095*i - 2730091. What is m(22)?
-1
Let m(w) = 8*w**3 - 146*w**2 - 114*w + 7. Calculate m(19).
7
Let a(k) = 50*k**2 + 1118*k - 6262. Calculate a(-27).
2
Let c(q) = 154*q**3 + 302*q**2 - 25*q - 65. What is c(-2)?
-39
Let n(d) = -302*d + 10892. Determine n(36).
20
Let y(m) = 7*m**3 - 2*m**2 + 5*m - 563. Determine y(0).
-563
Let s(k) = -k**2 + 696*k - 77847. Give s(140).
-7
Let y(k) = -k**3 - 182*k**2 - 307*k + 41180. Calculate y(-179).
10
Let l(c) = -33*c**2 + 4368*c + 2590. Calculate l(133).
-203
Let s(w) = 2*w**3 - 607*w**2 + 341*w - 11504. Give s(303).
10
Let n(r) = -r**3 - 26*r**2 + 141*r + 2879. Give n(-29).
1313
Let z(c) = -3*c**3 + 597*c**2 + 1817*c + 162. Determine z(202).
-40
Let m(x) = -x**3 + 705*x**2 - 2584*x - 154198. Calculate m(701).
22
Let m(w) = 1061*w + 175987. What is m(-166)?
-139
Let k(q) = -8*q**3 - 1585*q**2 - 198*q + 950. Give k(-198).
950
Let v(u) = 51435*u + 565887. Calculate v(-11).
102
Let i(s) = 6*s**2 + 709*s + 11829. Give i(-16).
2021
Let g(s) = 2*s**3 + 43*s**2 + 129*s + 668. Give g(-19).
22
Let n(t) = t**2 - 3748*t - 14. Give n(0).
-14
Let p(i) = -20*i**3 - 2357*i**2 + 2742*i + 601. Determine p(-119).
6
Let r(b) = 126*b + 8321. What is r(-65)?
131
Let o(d) = -6*d**2 + 25140*d + 201328. Determine o(-8).
-176
Let h(n) = 4787*n**2 + 105280*n - 763. Give h(-22).
-15
Let i(m) = 11607*m - 11584. Determine i(1).
23
Let z(s) = 4*s**3 - 1987*s**2 - 4489*s - 965. What is z(499)?
33
Let x(a) = 2*a**2 + 79*a - 206. Calculate x(-42).
4
Let z(a) = -846*a - 7852. Determine z(-7).
-1930
Let u(r) = -22*r**2 + 112*r - 597. What is u(5)?
-587
Let r(z) = 11201*z - 124161. What is r(11)?
-950
Let p(s) = -3*s**3 + 12*s**2 - 74*s + 380. Give p(7).
-579
Let l(x) = 47*x**2 + 27126*x + 4048. Calculate l(-577).
9
Let u(a) = 3*a**2 - 1712*a + 118982. Give u(81).
-7
Let x(p) = -p**3 + 27*p**2 + 5593*p - 160535. Determine x(29).
-20
Let h(o) = -4*o**2 - 328*o + 238. Determine h(-86).
-1138
Let c(w) = -251400*w + 9804608. What is c(39)?
8
Let a(h) = -53242*h - 266755. Calculate a(-5).
-545
Let a(c) = -6*c**3 - 6*c**2 - 27*c - 81. Determine a(-3).
108
Let i(c) = 3*c**3 - 262*c**2 - 2151*c + 74. Calculate i(-8).
-1022
Let u(s) = 3*s**3 + 2088*s**2 - 83706*s - 22014. What is u(-734)?
6
Let v(y) = -y**3 + 225*y**2 + 7650*y - 8. What is v(-30)?
-8
Let h(n) = -30*n**2 - 297*n + 259. Calculate h(1).
-68
Let o(w) = 358*w**3 + w**2 - 738*w - 1480. Calculate o(-2).
-2864
Let a(g) = -53*g**3 - 2387*g**2 - 74*g + 769. Calculate a(-45).
49
Let x(m) = 2*m**3 + 97*m**2 + 226*m + 243. Give x(-46).
427
Let b(v) = -202*v**2 + 992*v - 8. Calculate b(7).
-2962
Let h(k) = 203983*k + 17746506. What is h(-87)?
-15
Let l(r) = 7*r**2 + 1071*r + 1124. What is l(-152)?
60
Let c(z) = 3325*z - 9657. What is c(3)?
318
Let p(n) = -234*n**3 - 14*n**2 + 37*n + 6. Calculate p(2).
-1848
Let x(h) = -4*h**2 + 6071*h - 108936. Give x(18).
-954
Let v(k) = -4*k**2 - 2664*k - 15821. Determine v(-6).
19
Let v(u) = -u**3 + 22*u**2 - 27*u + 143. What is v(10)?
1073
Let h(g) = -2